Suppose 2*k = 10, -4*c + k - 48 = -3*k. Let p(h) = c*j(h) - 6*t(h). Is 3 a factor of p(3)?
True
Is 23 a factor of (138/(-9))/(12/(-27))*2?
True
Suppose -2*o - 4*a + 33 + 1 = 0, a + 63 = 5*o. Let j = o - 6. Does 7 divide j?
True
Is 36 a factor of (3/(0 + -1))/((-45)/3930)?
False
Let j = 22 - 18. Suppose 3*x + 5*y = 48, -j = -x - 5*y + 2. Is 12 a factor of x?
False
Suppose -4 = 2*d, 3*k - 2*d = 2*d + 20. Let g = 11 + k. Is g a multiple of 7?
False
Is 8 a factor of (-714)/(-15) + 3 + (-39)/15?
True
Let i(s) = -5*s - 12. Is i(-15) a multiple of 9?
True
Let r(s) = 18*s - 1. Let t be r(1). Suppose 0 = f - 47 + t. Is 10 a factor of f?
True
Let z(b) be the third derivative of b**6/120 + 11*b**5/60 + 5*b**4/12 + 2*b**3 + 9*b**2. Does 2 divide z(-10)?
True
Let g = 7 + -1. Is (-37 - 2)*(-4)/g a multiple of 13?
True
Is 28 a factor of 0*3/9 + -6 + 117?
False
Let v be 30/(-4)*(-4)/3. Suppose -v = -2*q - 3*q. Let o = 13 - q. Is 11 a factor of o?
True
Let u(x) = 16*x**2 + 4*x - 3. Let g be u(4). Suppose -5*d = 4*o - 385 + 33, -4*d + o = -g. Is d a multiple of 20?
False
Let q(k) = 7*k + 5. Let i(y) = -8*y - 5. Let x(m) = -4*i(m) - 5*q(m). Is x(-4) a multiple of 3?
False
Let b = 23 + -34. Suppose 0 = -2*q + 4 - 18. Let k = q - b. Is 4 a factor of k?
True
Let v = 5 - 1. Suppose v*w = -2*g + 14, 0 = -2*w - g + 4*g + 27. Is 9 a factor of ((-6)/2)/((-2)/w)?
True
Let j(p) = -6*p. Is j(-9) a multiple of 18?
True
Suppose 1 = -2*g + 23. Suppose -9 = -m + g. Is 10 a factor of m?
True
Suppose -3*l + 84 = -0*l. Does 14 divide l?
True
Is 13 a factor of 228/8*(-12)/(-18)?
False
Let m be 16/6*(-9)/(-6). Suppose w = -m*l + 179, -39 = 5*l + 5*w - 244. Let k = l - 33. Does 12 divide k?
False
Let a(p) be the first derivative of p**4/4 - p**2 + p - 1. Let r be a(1). Suppose r = -3*c + 3*s - 13 + 70, -2*c + s = -40. Does 11 divide c?
False
Let q(g) = -15*g**3 - 2*g**2 - g. Let b = -8 + 6. Let h be q(b). Does 10 divide ((-1)/(-2))/(3/h)?
False
Let i(n) = n + 5. Let w(o) = -5*o - 1. Let l be w(-1). Is 6 a factor of i(l)?
False
Let s(i) be the first derivative of i + 1/2*i**2 - 2 + 7*i**3. Is s(-1) a multiple of 8?
False
Let p = -176 + 436. Is p a multiple of 44?
False
Let v(h) = h**2 + 8*h + 0*h + h**3 - 8*h**2 - 8. Let b be v(6). Suppose -i = i + u - 13, b*i - 14 = 2*u. Is i a multiple of 5?
True
Let w = -10 + 12. Suppose 3*q = -2*n + 20, -2*q - 40 = -4*n + w*q. Is n a multiple of 5?
True
Let q(r) be the second derivative of -r**3/3 + 17*r**2/2 - 5*r. Does 23 divide q(-14)?
False
Let n(i) = 2*i**3 + i**2 - 2*i + 2. Suppose -2*p + 5*p = 6. Is n(p) a multiple of 4?
False
Suppose -94 = -2*z + z. Is 24 a factor of z?
False
Let p = 43 - -17. Let u = 138 - p. Suppose 136 = 5*q + 2*j, -6 = -3*q - 2*j + u. Is q a multiple of 13?
True
Suppose 6 = 3*i, -4*t = t - i - 353. Is 7 a factor of t?
False
Is (-2)/(1 + (-4)/220 + -1) a multiple of 18?
False
Let t(a) = -10*a + 3. Let k be t(3). Let q = k - -12. Is 5 a factor of q/(2/(-2)) - 2?
False
Let p = 23 + -18. Is p a multiple of 4?
False
Let k(s) = s - 4*s - 12 + s - 4*s. Is k(-5) a multiple of 9?
True
Let h be (1 + -2)/(-1) - -5. Let l be (-165)/h*(-8)/10. Let x = l - 11. Is 8 a factor of x?
False
Let v = -18 + 11. Let q = v + 11. Is 9 a factor of (-1)/2 - (-74)/q?
True
Let k(p) = p**3 - 2*p**2 + 2*p - 2. Let v be k(2). Suppose 17 = v*g + 3. Does 7 divide g?
True
Let h(s) = -s**2 + 15*s - 2. Let k(t) = -t**3 - t + 12. Let r be k(0). Is 17 a factor of h(r)?
True
Let l be ((-8)/10)/(5/(-25)). Suppose l*x = 9*x - 155. Is x a multiple of 11?
False
Let n = 170 - 80. Does 15 divide n?
True
Suppose -3*a = 4*w + 38, 9 = -2*a + 2*w - 21. Let h = 0 - a. Is 14 a factor of h?
True
Suppose 2*x = -2*w + 6*x + 18, 5*w - 4*x - 51 = 0. Is 11 a factor of w?
True
Let l = -5 + 12. Let m(y) = y**3 - 7*y**2 - 7. Let d be m(l). Let t(a) = -a**2 - 8*a + 9. Is t(d) a multiple of 8?
True
Let u(z) = -3*z - 6. Let c be u(-4). Let v = c - -18. Let b = v + 3. Does 7 divide b?
False
Let s be (-1 - -5)*(-33)/(-4). Let d = -12 + s. Suppose -3*l + 129 = 3*u, l - 5*u = 16 + d. Is l a multiple of 14?
True
Suppose -87 = -2*c + d, 4*c - 2*d = 2*c + 92. Is 41 a factor of c?
True
Suppose -m + 9*m - 672 = 0. Does 12 divide m?
True
Suppose -81 - 3 = -z. Is 12 a factor of z?
True
Suppose 4*r + 0*r - 192 = -4*i, -3*i = -2*r + 86. Does 46 divide r?
True
Let o = -2 + 14. Is o a multiple of 4?
True
Let o be 2 - 3/3 - 6. Let i = 13 + o. Is i a multiple of 8?
True
Suppose -3 = -5*y + 7. Let q be -1 - -5 - (0 + y). Suppose -5*x + 2*x + q*t + 46 = 0, -3*x + 4*t = -56. Is x a multiple of 12?
True
Suppose 0 = o - 58 - 85. Is 11 a factor of o?
True
Suppose -4*o + 98 = 5*c - 38, -c - 5*o + 23 = 0. Is 7 a factor of c?
True
Suppose -n - 4*h + 39 = 3, -4*n - h + 204 = 0. Is 13 a factor of n?
True
Let l = -8 + 11. Suppose -j = -p + l, -p = -0*j - 5*j + 1. Is 2*(-1 - (-30)/p) a multiple of 13?
True
Let z(p) = -p + 1. Let y be z(-2). Is y/(-9)*(-32 + -1) a multiple of 6?
False
Suppose -5*y + 55 = 5*l, -2*y + 3*l = 3*y - 23. Is 4 a factor of y?
False
Is (-3024)/(-40) - 6/10 a multiple of 25?
True
Let x(j) = 4*j - 1. Does 3 divide x(1)?
True
Suppose -43 = -0*d - d. Let y(p) = p**2 - 2*p - 3. Let f be y(3). Is 16 a factor of d + 0/(1 - f)?
False
Does 9 divide (1 - (0 + -1)) + 15?
False
Let y(r) = 7*r**2 - 4*r - 6. Let o be y(-5). Is 3 a factor of o/15 - (-10)/25?
False
Let s(d) = -d**3 + 10*d**2 - 9*d + 11. Is s(9) a multiple of 3?
False
Let i(x) = x**2 - x + 1. Does 11 divide i(-9)?
False
Let k(a) = -10*a + 1 - 1 + 2. Let h be k(-9). Suppose -b = -3*y - 39, -3*b + y + 3*y = -h. Is b a multiple of 12?
True
Let o(y) = y**2 - 7*y + 1. Suppose 2*q = -0*q - 3*u + 17, 5*q - 3*u = 32. Let l be o(q). Suppose -4*b + 22 = -5*m, 0 = b - 2*m - l - 3. Is b a multiple of 4?
True
Let b(m) = m**2 - 5*m - 2. Let a(c) = -3*c**2 + 16*c + 7. Let g(z) = -4*a(z) - 11*b(z). Does 2 divide g(10)?
True
Let k be ((-12)/(-9))/(6/(-9)). Let u = 27 + k. Is 16 a factor of u?
False
Suppose 4*t - 196 = -2*a, 0 = 4*a - 5*a + 5*t + 133. Is a a multiple of 21?
False
Suppose 5*d - w = -5, 3*d - 4*d - 27 = 5*w. Let v(t) = -4*t**3 - 3*t**2 - t - 1. Let l be v(d). Suppose 2*r - l = -5. Does 8 divide r?
True
Let s(b) = b**2 + 5*b - 1. Does 15 divide s(5)?
False
Let h = -14 - -48. Is 17 a factor of h?
True
Does 28 divide (-140)/(-6)*(-144)/(-60)?
True
Suppose -4*r - 2 = -3*p + 2*p, 2*p = -3*r + 4. Let o be 4/2 + 18 + r. Suppose -2*k - 3*k = -o. Does 4 divide k?
True
Let m(r) = 5*r**3 + 2*r**2 - 6*r + 1. Is m(2) a multiple of 37?
True
Suppose -d = 4*d - 115. Is 15 a factor of d?
False
Let v = 36 + -17. Does 9 divide v?
False
Let l(r) = -2*r - 1 + 1 + 1 + 2*r**2. Let c be l(-3). Let v = -17 + c. Is v a multiple of 8?
True
Let g be -3*(2/(-6) + -1). Let s = 26 - g. Is s a multiple of 11?
True
Suppose 0 = -5*z + 5*v + 25, -4*z = 3*v - v - 26. Suppose -55 = -p + z*p. Let a = p - -20. Does 6 divide a?
False
Let z be -3 - (6 - 0)*-1. Is z/(-6)*4 + 19 a multiple of 17?
True
Let d(a) = 16*a + 31. Is 7 a factor of d(8)?
False
Let t = 0 + 2. Suppose z + 28 = t*z. Is 22 a factor of z?
False
Let n(u) = -7*u - 19. Is 4 a factor of n(-17)?
True
Let b(o) = 7*o. Is b(3) a multiple of 21?
True
Suppose 0 = n + 1, -2*n + 7 = b + 2*b. Does 18 divide -1 + (b - 98/(-2))?
False
Let x(m) = -5*m**3 - 2*m**2 - m - 1. Is x(-2) a multiple of 11?
True
Let c = 10 - 7. Is c a multiple of 3?
True
Suppose -150 = -5*d - 3*t - 2*t, -100 = -3*d - 5*t. Does 2 divide d?
False
Let f = 127 - -4. Does 35 divide f?
False
Suppose -10 = s - 3*s. Let a(g) = -5 + 2 + s*g**2 - 4*g + 2. Does 14 divide a(3)?
False
Does 19 divide (27/6)/(15/140)?
False
Let m be ((-4)/5)/(4/(-30)). Let q(k) = -14 + 9 - 9*k + k**3 + 6 - 4*k**2. Does 8 divide q(m)?
False
Let y(f) = -259*f**3. Let p be y(-1). Let z = -128 + p. Suppose 5*b - 64 - z = 0. Is 17 a factor of b?
False
Let r(y) = -y + 8. Let b be r(11). Let w be 1 + (-2 - (b + 0)). Suppose -w*s + 63 = -5. Is s a multiple of 13?
False
Let r(h) = h + 10. Let c be (7/(-2))/(2/4). Is 2 a factor of r(c)?
False
Is 3/((28/72)/7) a multiple of 18?
True
Suppose -1 = 4*h - 9. Suppose 0 = -5*b - 20, 119 - 6 = 5*k - h*b. Is 7 a factor of k?
True
Let m = 61 - 16. Let g = -32 + m. Let p = g + -1. Does 12 divide p?
True
Let v = 13 + -8. Suppose 5*d = 5*g + 80, -v*g +